nder when 354 is divided by 60.
54
Calculate the remainder when 108 is divided by 30.
18
Calculate the remainder when 1084 is divided by 10.
4
Calculate the remainder when 27 is divided by 27.
0
What is the remainder when 53 is divided by 20?
13
What is the remainder when 25499 is divided by 125?
124
What is the remainder when 1198 is divided by 25?
23
Calculate the remainder when 111 is divided by 87.
24
What is the remainder when 7819 is divided by 17?
16
What is the remainder when 405 is divided by 11?
9
Calculate the remainder when 4242 is divided by 1056.
18
Calculate the remainder when 511 is divided by 130.
121
Calculate the remainder when 48 is divided by 36.
12
Calculate the remainder when 137 is divided by 76.
61
What is the remainder when 571 is divided by 65?
51
Calculate the remainder when 46 is divided by 20.
6
Calculate the remainder when 209 is divided by 41.
4
What is the remainder when 2413 is divided by 17?
16
Calculate the remainder when 69 is divided by 7.
6
Calculate the remainder when 85 is divided by 34.
17
Calculate the remainder when 123 is divided by 28.
11
Calculate the remainder when 258 is divided by 60.
18
Calculate the remainder when 39 is divided by 32.
7
Calculate the remainder when 177 is divided by 31.
22
What is the remainder when 3607 is divided by 8?
7
What is the remainder when 203 is divided by 52?
47
Calculate the remainder when 923 is divided by 11.
10
Calculate the remainder when 123 is divided by 99.
24
What is the remainder when 450 is divided by 78?
60
What is the remainder when 812 is divided by 51?
47
What is the remainder when 452 is divided by 49?
11
Calculate the remainder when 166 is divided by 153.
13
What is the remainder when 50 is divided by 9?
5
Calculate the remainder when 8149 is divided by 31.
27
Calculate the remainder when 8969 is divided by 30.
29
What is the remainder when 2847 is divided by 114?
111
What is the remainder when 266 is divided by 87?
5
Calculate the remainder when 255 is divided by 86.
83
What is the remainder when 861 is divided by 65?
16
What is the remainder when 1302 is divided by 650?
2
Calculate the remainder when 2226 is divided by 131.
130
Calculate the remainder when 2520 is divided by 13.
11
Calculate the remainder when 397 is divided by 23.
6
Calculate the remainder when 597 is divided by 15.
12
Calculate the remainder when 408 is divided by 7.
2
Calculate the remainder when 126 is divided by 43.
40
Calculate the remainder when 401 is divided by 68.
61
Calculate the remainder when 323 is divided by 108.
107
What is the remainder when 251 is divided by 20?
11
Calculate the remainder when 236 is divided by 166.
70
Calculate the remainder when 147 is divided by 17.
11
Calculate the remainder when 1514 is divided by 265.
189
What is the remainder when 57 is divided by 2?
1
Calculate the remainder when 211 is divided by 27.
22
Calculate the remainder when 336 is divided by 68.
64
What is the remainder when 173 is divided by 22?
19
Calculate the remainder when 216 is divided by 150.
66
Calculate the remainder when 741 is divided by 124.
121
What is the remainder when 188 is divided by 66?
56
What is the remainder when 40 is divided by 23?
17
Calculate the remainder when 98 is divided by 7.
0
What is the remainder when 221 is divided by 18?
5
Calculate the remainder when 115 is divided by 9.
7
What is the remainder when 1069 is divided by 27?
16
What is the remainder when 2887 is divided by 78?
1
What is the remainder when 70 is divided by 49?
21
Calculate the remainder when 688 is divided by 143.
116
Calculate the remainder when 606 is divided by 160.
126
What is the remainder when 245 is divided by 34?
7
Calculate the remainder when 6533 is divided by 54.
53
What is the remainder when 1213 is divided by 5?
3
Calculate the remainder when 154 is divided by 12.
10
Calculate the remainder when 199 is divided by 50.
49
Calculate the remainder when 2277 is divided by 12.
9
Calculate the remainder when 372 is divided by 40.
12
Calculate the remainder when 3536 is divided by 61.
59
What is the remainder when 97 is divided by 3?
1
What is the remainder when 41 is divided by 22?
19
What is the remainder when 895 is divided by 69?
67
What is the remainder when 128 is divided by 33?
29
What is the remainder when 648 is divided by 65?
63
What is the remainder when 799 is divided by 139?
104
Calculate the remainder when 665 is divided by 256.
153
Calculate the remainder when 1178 is divided by 129.
17
Calculate the remainder when 561 is divided by 558.
3
What is the remainder when 1528 is divided by 30?
28
Calculate the remainder when 98 is divided by 36.
26
What is the remainder when 82 is divided by 28?
26
Calculate the remainder when 5 is divided by 4.
1
Calculate the remainder when 621 is divided by 28.
5
What is the remainder when 408 is divided by 82?
80
What is the remainder when 353 is divided by 40?
33
Calculate the remainder when 513 is divided by 174.
165
What is the remainder when 231 is divided by 81?
69
What is the remainder when 342 is divided by 86?
84
Calculate the remainder when 600 is divided by 43.
41
What is the remainder when 128 is divided by 17?
9
Calculate the remainder when 126 is divided by 29.
10
What is the remainder when 2599 is divided by 28?
23
What is the remainder when 109 is divided by 10?
9
What is the remainder when 1532 is divided by 381?
8
Calculate the remainder when 255 is divided by 87.
81
What is the remainder when 169 is divided by 74?
21
Calculate the remainder when 887 is divided by 33.
29
What is the remainder when 426 is divided by 24?
18
What is the remainder when 427 is divided by 90?
67
Calculate the remainder when 46485 is divided by 229.
227
Calculate the remainder when 814 is divided by 117.
112
Calculate the remainder when 1329 is divided by 29.
24
Calculate the remainder when 29 is divided by 12.
5
What is the remainder when 567 is divided by 97?
82
What is the remainder when 147 is divided by 45?
12
What is the remainder when 20 is divided by 16?
4
Calculate the remainder when 286 is divided by 24.
22
What is the remainder when 253 is divided by 109?
35
Calculate the remainder when 101 is divided by 34.
33
Calculate the remainder when 97 is divided by 92.
5
Calculate the remainder when 73 is divided by 50.
23
Calculate the remainder when 692 is divided by 77.
76
What is the remainder when 26 is divided by 5?
1
Calculate the remainder when 455 is divided by 20.
15
What is the remainder when 2758 is divided by 47?
32
Calculate the remainder when 196 is divided by 18.
16
What is the remainder when 117 is divided by 64?
53
What is the remainder when 339 is divided by 28?
3
Calculate the remainder when 202 is divided by 102.
100
Calculate the remainder when 3198 is divided by 36.
30
Calculate the remainder when 4967 is divided by 18.
17
What is the remainder when 439 is divided by 34?
31
What is the remainder when 159 is divided by 19?
7
What is the remainder when 190 is divided by 117?
73
What is the remainder when 1122 is divided by 59?
1
Calculate the remainder when 1593 is divided by 525.
18
Calculate the remainder when 233 is divided by 29.
1
What is the remainder when 261 is divided by 63?
9
What is the remainder when 794 is divided by 241?
71
What is the remainder when 56 is divided by 22?
12
What is the remainder when 410 is divided by 69?
65
Calculate the remainder when 194 is divided by 49.
47
What is the remainder when 159 is divided by 32?
31
Calculate the remainder when 383 is divided by 16.
15
What is the remainder when 945 is divided by 79?
76
Calculate the remainder when 1095 is divided by 363.
6
What is the remainder when 3003 is divided by 10?
3
What is the remainder when 42 is divided by 10?
2
Calculate the remainder when 807 is divided by 10.
7
Calculate the remainder when 121 is divided by 46.
29
Calculate the remainder when 39 is divided by 33.
6
What is the remainder when 79 is divided by 7?
2
Calculate the remainder when 1152 is divided by 225.
27
What is the remainder when 5439 is divided by 85?
84
What is the remainder when 75 is divided by 17?
7
Calculate the remainder when 56 is divided by 19.
18
What is the remainder when 163 is divided by 40?
3
What is the remainder when 2208 is divided 